t a be w(12). Calculate the greatest common divisor of a and 4.
2
Let v(f) = -f**2 - 16*f - 20. Let l be v(-12). What is the greatest common divisor of 70 and l?
14
Suppose -3*u = 3*x - 45, -u + 5 = -0*u. Calculate the highest common divisor of 20 and x.
10
Suppose 0 = -13*k + 274 + 51. What is the greatest common factor of 5 and k?
5
Let v be (0 - -15) + (-10 - -6). Calculate the highest common factor of v and 1.
1
Suppose -3*b + 3*o = -12, -3*b - 5*o = 2*b. Suppose y + 3*y - 34 = -b*c, -y = 2*c - 22. Calculate the greatest common divisor of 1 and c.
1
Suppose 5*y - 74 = 101. Suppose -120 = v + 3*v. Let m be ((-3)/2)/(9/v). What is the highest common divisor of m and y?
5
Suppose -4*v - 72 = -2*u, 0*u - 3*u = 3*v - 63. What is the greatest common factor of u and 208?
26
Suppose -s = s - 28. Let z(o) = o**3 + o**2 - 5*o. Let r be z(3). Calculate the highest common divisor of s and r.
7
Let a be 9/((-27)/(-10))*21/2. Calculate the greatest common factor of 14 and a.
7
Let x(z) = z + 6. Suppose -3 = c + 1. Let k be x(c). Suppose -3*i + k*i = -18. What is the greatest common divisor of i and 6?
6
Let f = -99 + 139. Let h = -6 - -11. Suppose h*d = -2 + 42. What is the highest common divisor of d and f?
8
Let g(v) be the first derivative of 10*v + 0*v**2 + 1/3*v**3 + 1. Let o be g(0). What is the highest common divisor of o and 30?
10
Let v(f) = 28*f + 1. Let x be v(1). Suppose -19 - x = -2*l. Calculate the greatest common divisor of l and 36.
12
Let c = 11 + -279. Let f be c/(-4) + 1 + 0. What is the highest common divisor of 17 and f?
17
Suppose 14*j = 15*j - 25. Calculate the highest common divisor of j and 25.
25
Suppose 34 = 2*z - 10. Suppose -2*p - 23 + 89 = 0. What is the greatest common divisor of p and z?
11
Let v = -1 - 5. Let d be (-55)/(9/v + 1). Calculate the highest common divisor of d and 10.
10
Let p = 2 - 3. Let s be p + -22*(-3)/6. Let o = s + 18. Calculate the greatest common factor of 4 and o.
4
Let s = -164 - -215. Calculate the greatest common factor of s and 3.
3
Let r(c) = -c**3 + 9*c**2 + 11*c + 4. Let d be r(10). Calculate the highest common factor of 56 and d.
14
Suppose 5*n + 3*z - 121 = 0, 2*n + 2*n + 2*z = 98. What is the highest common divisor of 52 and n?
26
Let b = -174 - -294. Let k(s) = -s**3 - s**2 + 15. Let r be k(0). What is the greatest common factor of b and r?
15
Let z be 4 + 9/(6 - 3). Let t(n) = n**3 + 6*n**2 - 8*n - 6. Let x be t(-6). What is the greatest common divisor of z and x?
7
Suppose -10*u - 4 = -11*u. Suppose 0*r + r - 195 = 0. Suppose 0 = -u*l - 27 + r. Calculate the greatest common divisor of l and 28.
14
Let y be 9*-2*(-2)/3. Let u = 82 + 254. Suppose 0 = 2*z + 2*z - u. What is the greatest common factor of z and y?
12
Let x be (4/(-10))/(5/(-25)). Let f be x/(3*(-6)/(-117)). Let l(o) = -o**3 + 6*o**2 + 4*o - 6. Let s be l(5). Calculate the highest common factor of s and f.
13
Suppose 4*k - 28 = -4*i, -43 = -2*i + 5*k - 8. What is the highest common divisor of i and 4?
2
Let b be (-5)/((-15)/72) - -4. Let q be 2/4 + 18/4. Let u(k) = k**2 - 5*k + 7. Let v be u(q). Calculate the greatest common divisor of v and b.
7
Suppose 180 = -0*z + 5*z. Let x = z - 20. Suppose -36 - x = -4*r. What is the greatest common divisor of 91 and r?
13
Let p(f) = f**3 - 6*f**2 - f - 2. Suppose 2*o = -o + 21. Let y be p(o). What is the greatest common divisor of 8 and y?
8
Let q(p) = p**2 - 2*p + 6. Let h be q(6). Calculate the greatest common factor of h and 45.
15
Suppose 2*h = -2*k + 18 - 2, 0 = 2*k + 5*h - 19. Suppose -3*r = -k*r + 36. Calculate the highest common factor of r and 27.
9
Suppose -y + 32 = 3*y. Suppose -q + y = -4. Let b(k) = -9*k**3 - k**2. Let r be b(-1). What is the highest common factor of r and q?
4
Let k = -34 + 57. Calculate the greatest common divisor of k and 92.
23
Let y(j) = 7*j - 1. Let a be y(1). Suppose -2*p = -0 - a, 2*w + 5*p = 19. Suppose x = -w + 4. Calculate the highest common divisor of x and 14.
2
Suppose 2*w = q - 14, 5*q - 101 = 2*w - 7. What is the highest common factor of 30 and q?
10
Suppose 148 + 92 = 2*r. Suppose 4*a - r = 24. What is the greatest common divisor of 4 and a?
4
Suppose 5*d - 4*k + 88 = 0, 7 = 2*k + 3. Let r be (d/(-10))/(2/5). Calculate the greatest common factor of r and 20.
4
Let n = 23 - 13. Let a(p) = 3*p - 10. Let q be a(n). Suppose -3*u - 5*g + 480 = 0, 0 = 3*u + g - 289 - 191. What is the highest common divisor of u and q?
20
Let w = 8 - 8. Suppose v + 4*v - 90 = w. What is the greatest common divisor of v and 27?
9
Let k(s) = -17*s**3 + s**2 + 2*s + 1. Let u be k(-1). Suppose 2*g - 69 + u = 0. Calculate the highest common factor of g and 39.
13
Let i = 112 + 41. Let w be (-93)/1 + -2 + (-16)/8. Let u = i + w. What is the highest common divisor of 14 and u?
14
Let s be 11/(-4*(-1)/68). Let n = s + -75. Calculate the highest common divisor of 16 and n.
16
Let l = -28 + 39. What is the highest common factor of 121 and l?
11
Let x = 58 - 52. What is the greatest common factor of x and 6?
6
Let s = 14 - 11. Suppose -76 = -s*p - 19. Calculate the greatest common factor of p and 95.
19
Suppose 4*k + 9 = f, -f + 2 - 5 = 2*k. Suppose -2 = -h - h. What is the greatest common divisor of f and h?
1
Let h be ((-18)/8)/(18/(-96)). Let w(l) = -2*l**3 - l**2 + l + 2. Let v be w(-2). What is the greatest common divisor of v and h?
12
Let v = 31 + -23. What is the highest common factor of 40 and v?
8
Let w be 102/3*1/2. Calculate the greatest common factor of 187 and w.
17
Let f be (0 + 32/(-40))/((-4)/110). What is the highest common divisor of f and 11?
11
Let w = -97 + 174. Suppose -187 = -4*z + w. What is the greatest common divisor of 6 and z?
6
Let l = -1 - -64. Let x(g) = 2*g - 5. Let f be x(9). Let w = f - 4. Calculate the greatest common divisor of l and w.
9
Let z be ((-12)/7)/(4/(-98)). Suppose h = -3*h + 56. Calculate the greatest common divisor of z and h.
14
Suppose 0 = 5*i + y - 303, -2*i - 5*y + 126 = -3*y. Let d = 14 - -1. Calculate the greatest common factor of d and i.
15
Let k = -2 - -11. Let o be 6*(-6)/(-4)*2/6. What is the highest common factor of o and k?
3
Let t = 52 - -27. Suppose 5*a - 3*o - t = -3, -4*o - 64 = -4*a. Let i(p) = -20*p + 1. Let d be i(-1). What is the highest common factor of a and d?
7
Let d be (-2)/(-5) - (-103)/5. Let h = 4 - -3. Let z be h/2*(-6 + 8). What is the highest common divisor of d and z?
7
Suppose 2*b - 7*b - 2*c = -178, -3*b + 103 = 5*c. What is the highest common divisor of b and 4?
4
Let n(c) = c**3 + c**2 - c + 19. Let m be n(0). Suppose -3*k = k - 1104. Let j = k - 143. What is the greatest common divisor of j and m?
19
Suppose -5*i = -i + 24. Let d = i - -17. What is the greatest common factor of d and 110?
11
Let w(b) be the first derivative of -b**2/2 + 8*b - 1. Let i be w(7). What is the highest common divisor of i and 5?
1
Let w be (-3)/(-3)*(285 + 2 + 0). Calculate the highest common divisor of w and 41.
41
Suppose 5*g + 2*x - 144 = 0, 0 = -2*g + 4*g - 2*x - 52. Calculate the greatest common divisor of 4 and g.
4
Let f(k) = -2*k**3 - k**2 + k - 4. Let i be f(-4). Let c = 84 + -71. Calculate the greatest common divisor of i and c.
13
Suppose -4*o - 8*m + 499 = -3*m, -m = 4*o - 503. Let u be (3*-6)/(1*-2). Let k = u + 5. What is the greatest common divisor of k and o?
14
Let h be (-238)/8*16/4. Let i be (-1 - -2)/1 - h. Calculate the greatest common factor of 15 and i.
15
Let c be (4 - 2)/((-4)/(-18)). Let h be -1*(-1 + -26 + 0). Calculate the greatest common divisor of h and c.
9
Suppose u = 5*u - 48. Suppose -u = 4*j - j, 0 = -4*s - 3*j + 8. What is the highest common divisor of 15 and s?
5
Suppose -q = 4*d - 57, -21 + 2 = -3*d + 4*q. Calculate the highest common divisor of d and 117.
13
Suppose -3*o - 9 = -6*o. Suppose 0*r - 4*r + 3*c + 77 = 0, o*r - 5*c = 44. Suppose 4*p - 805 = -p. Calculate the greatest common factor of p and r.
23
Suppose -7*i + 2*i + 220 = 0. Calculate the greatest common factor of 66 and i.
22
Suppose 4*l = -22 + 46. What is the greatest common divisor of l and 6?
6
Suppose 195 = 4*h - 165. Suppose -4*j - 4*z + 56 = 0, j + 3*z - 14 = 8. What is the highest common divisor of h and j?
10
Let i(f) = f - 10. Let u be i(22). Calculate the highest common divisor of u and 6.
6
Le